[INFO] cloning repository https://github.com/koalatux/riscv-rust-mfrc522
[INFO] running `Command { std: "git" "-c" "credential.helper=" "-c" "credential.helper=/workspace/cargo-home/bin/git-credential-null" "clone" "--bare" "https://github.com/koalatux/riscv-rust-mfrc522" "/workspace/cache/git-repos/https%3A%2F%2Fgithub.com%2Fkoalatux%2Friscv-rust-mfrc522", kill_on_drop: false }`
[INFO] [stderr] Cloning into bare repository '/workspace/cache/git-repos/https%3A%2F%2Fgithub.com%2Fkoalatux%2Friscv-rust-mfrc522'...
[INFO] running `Command { std: "git" "rev-parse" "HEAD", kill_on_drop: false }`
[INFO] [stdout] 56b6b7e17956a73a13ad494f48c13ad9a4140c6e
[INFO] checking koalatux/riscv-rust-mfrc522 against master#af3c6e733a40e671550e0f0f5aeecaa13772ba56 for pr-74989
[INFO] running `Command { std: "git" "clone" "/workspace/cache/git-repos/https%3A%2F%2Fgithub.com%2Fkoalatux%2Friscv-rust-mfrc522" "/workspace/builds/worker-2/source", kill_on_drop: false }`
[INFO] [stderr] Cloning into '/workspace/builds/worker-2/source'...
[INFO] [stderr] done.
[INFO] validating manifest of git repo https://github.com/koalatux/riscv-rust-mfrc522 on toolchain af3c6e733a40e671550e0f0f5aeecaa13772ba56
[INFO] running `Command { std: "/workspace/cargo-home/bin/cargo" "+af3c6e733a40e671550e0f0f5aeecaa13772ba56" "read-manifest" "--manifest-path" "Cargo.toml", kill_on_drop: false }`
[INFO] removed /workspace/builds/worker-2/source/.cargo/config
[INFO] started tweaking git repo https://github.com/koalatux/riscv-rust-mfrc522
[INFO] finished tweaking git repo https://github.com/koalatux/riscv-rust-mfrc522
[INFO] tweaked toml for git repo https://github.com/koalatux/riscv-rust-mfrc522 written to /workspace/builds/worker-2/source/Cargo.toml
[INFO] crate git repo https://github.com/koalatux/riscv-rust-mfrc522 already has a lockfile, it will not be regenerated
[INFO] running `Command { std: "/workspace/cargo-home/bin/cargo" "+af3c6e733a40e671550e0f0f5aeecaa13772ba56" "fetch" "--locked" "--manifest-path" "Cargo.toml", kill_on_drop: false }`
[INFO] running `Command { std: "docker" "create" "-v" "/var/lib/crater-agent-workspace/builds/worker-2/target:/opt/rustwide/target:rw,Z" "-v" "/var/lib/crater-agent-workspace/builds/worker-2/source:/opt/rustwide/workdir:ro,Z" "-v" "/var/lib/crater-agent-workspace/cargo-home:/opt/rustwide/cargo-home:ro,Z" "-v" "/var/lib/crater-agent-workspace/rustup-home:/opt/rustwide/rustup-home:ro,Z" "-e" "SOURCE_DIR=/opt/rustwide/workdir" "-e" "CARGO_TARGET_DIR=/opt/rustwide/target" "-e" "CARGO_HOME=/opt/rustwide/cargo-home" "-e" "RUSTUP_HOME=/opt/rustwide/rustup-home" "-w" "/opt/rustwide/workdir" "-m" "1610612736" "--user" "0:0" "--network" "none" "rustops/crates-build-env@sha256:d92eaeed33fa75130ca1ee6c8a01d1ffb62bac859dfdfb3450e3e5d1c0146529" "/opt/rustwide/cargo-home/bin/cargo" "+af3c6e733a40e671550e0f0f5aeecaa13772ba56" "metadata" "--no-deps" "--format-version=1", kill_on_drop: false }`
[INFO] [stderr] WARNING: Your kernel does not support swap limit capabilities or the cgroup is not mounted. Memory limited without swap.
[INFO] [stdout] 6c823b3b1eef57a3cc7c0da6cce674125a793b896e0846660e306e31d9c6f4a6
[INFO] running `Command { std: "docker" "start" "-a" "6c823b3b1eef57a3cc7c0da6cce674125a793b896e0846660e306e31d9c6f4a6", kill_on_drop: false }`
[INFO] running `Command { std: "docker" "inspect" "6c823b3b1eef57a3cc7c0da6cce674125a793b896e0846660e306e31d9c6f4a6", kill_on_drop: false }`
[INFO] running `Command { std: "docker" "rm" "-f" "6c823b3b1eef57a3cc7c0da6cce674125a793b896e0846660e306e31d9c6f4a6", kill_on_drop: false }`
[INFO] [stdout] 6c823b3b1eef57a3cc7c0da6cce674125a793b896e0846660e306e31d9c6f4a6
[INFO] running `Command { std: "docker" "create" "-v" "/var/lib/crater-agent-workspace/builds/worker-2/target:/opt/rustwide/target:rw,Z" "-v" "/var/lib/crater-agent-workspace/builds/worker-2/source:/opt/rustwide/workdir:ro,Z" "-v" "/var/lib/crater-agent-workspace/cargo-home:/opt/rustwide/cargo-home:ro,Z" "-v" "/var/lib/crater-agent-workspace/rustup-home:/opt/rustwide/rustup-home:ro,Z" "-e" "SOURCE_DIR=/opt/rustwide/workdir" "-e" "CARGO_TARGET_DIR=/opt/rustwide/target" "-e" "CARGO_INCREMENTAL=0" "-e" "RUST_BACKTRACE=full" "-e" "RUSTFLAGS=--cap-lints=forbid" "-e" "CARGO_HOME=/opt/rustwide/cargo-home" "-e" "RUSTUP_HOME=/opt/rustwide/rustup-home" "-w" "/opt/rustwide/workdir" "-m" "1610612736" "--user" "0:0" "--network" "none" "rustops/crates-build-env@sha256:d92eaeed33fa75130ca1ee6c8a01d1ffb62bac859dfdfb3450e3e5d1c0146529" "/opt/rustwide/cargo-home/bin/cargo" "+af3c6e733a40e671550e0f0f5aeecaa13772ba56" "check" "--frozen" "--all" "--all-targets" "--message-format=json", kill_on_drop: false }`
[INFO] [stdout] 680a9cc6dd5700bc192cfb5ac49f2a0d21e87206d9641bdce9a018eeb790f12a
[INFO] [stderr] WARNING: Your kernel does not support swap limit capabilities or the cgroup is not mounted. Memory limited without swap.
[INFO] running `Command { std: "docker" "start" "-a" "680a9cc6dd5700bc192cfb5ac49f2a0d21e87206d9641bdce9a018eeb790f12a", kill_on_drop: false }`
[INFO] [stderr]    Compiling rand_core v0.4.0
[INFO] [stderr]    Compiling syn v0.15.29
[INFO] [stderr]    Compiling riscv v0.5.2
[INFO] [stderr]    Compiling riscv-rt v0.5.0
[INFO] [stderr]     Checking bit_field v0.9.0
[INFO] [stderr]    Compiling e310x v0.5.2
[INFO] [stderr]     Checking vcell v0.1.0
[INFO] [stderr]    Compiling hifive1 v0.6.0
[INFO] [stderr]     Checking embedded-hal v0.2.3
[INFO] [stderr]    Compiling bare-metal v0.2.4
[INFO] [stderr]    Compiling quote v0.6.11
[INFO] [stderr]     Checking generic-array v0.11.1
[INFO] [stderr]    Compiling rand_core v0.3.1
[INFO] [stderr]    Compiling rand v0.5.6
[INFO] [stderr]     Checking mfrc522 v0.2.0
[INFO] [stderr]    Compiling riscv-rt-macros v0.1.5
[INFO] [stderr]     Checking e310x-hal v0.6.1
[INFO] [stderr]     Checking riscv-rust-quickstart v0.1.0 (/opt/rustwide/workdir)
[INFO] [stdout] error: language item required, but not found: `eh_personality`
[INFO] [stdout] 
[INFO] [stdout] 
[INFO] [stdout] error: aborting due to previous error
[INFO] [stdout] 
[INFO] [stdout] 
[INFO] [stdout] error: language item required, but not found: `eh_personality`
[INFO] [stdout] 
[INFO] [stdout] 
[INFO] [stderr] error: could not compile `riscv-rust-quickstart`.
[INFO] [stderr] 
[INFO] [stderr] To learn more, run the command again with --verbose.
[INFO] [stderr] warning: build failed, waiting for other jobs to finish...
[INFO] [stdout] error: language item required, but not found: `eh_personality`
[INFO] [stdout] 
[INFO] [stdout] 
[INFO] [stdout] error: language item required, but not found: `eh_personality`
[INFO] [stdout] 
[INFO] [stdout] 
[INFO] [stdout] error: language item required, but not found: `eh_personality`
[INFO] [stdout] 
[INFO] [stdout] 
[INFO] [stdout] error: aborting due to previous error
[INFO] [stdout] 
[INFO] [stdout] 
[INFO] [stdout] error: aborting due to previous error
[INFO] [stdout] 
[INFO] [stdout] 
[INFO] [stdout] error: aborting due to previous error
[INFO] [stdout] 
[INFO] [stdout] 
[INFO] [stdout] error: language item required, but not found: `eh_personality`
[INFO] [stdout] 
[INFO] [stdout] 
[INFO] [stdout] error: duplicate lang item in crate `std` (which `test` depends on): `panic_impl`.
[INFO] [stdout]   |
[INFO] [stdout]   = note: the lang item is first defined in crate `panic_halt` (which `riscv_rust_quickstart` depends on)
[INFO] [stdout]   = note: first definition in `panic_halt` loaded from /opt/rustwide/target/debug/deps/libpanic_halt-574608e11c22a401.rmeta
[INFO] [stdout]   = note: second definition in `std` loaded from /opt/rustwide/rustup-home/toolchains/af3c6e733a40e671550e0f0f5aeecaa13772ba56/lib/rustlib/x86_64-unknown-linux-gnu/lib/libstd-faa3fd6c69b73b7d.rlib
[INFO] [stdout] 
[INFO] [stdout] 
[INFO] [stdout] error: language item required, but not found: `eh_personality`
[INFO] [stdout] 
[INFO] [stdout] 
[INFO] [stdout] error: aborting due to previous error
[INFO] [stdout] 
[INFO] [stdout] 
[INFO] [stdout] warning: trait objects without an explicit `dyn` are deprecated
[INFO] [stdout]   --> examples/leds_blink.rs:19:25
[INFO] [stdout]    |
[INFO] [stdout] 19 | fn toggle_led(led: &mut Led, status: bool) -> bool {
[INFO] [stdout]    |                         ^^^ help: use `dyn`: `dyn Led`
[INFO] [stdout]    |
[INFO] [stdout]    = note: `#[warn(bare_trait_objects)]` on by default
[INFO] [stdout] 
[INFO] [stdout] 
[INFO] [stdout] warning: trait objects without an explicit `dyn` are deprecated
[INFO] [stdout]   --> examples/leds_blink.rs:43:22
[INFO] [stdout]    |
[INFO] [stdout] 43 |     let ileds: [&mut Led; 3] = [&mut tleds.0, &mut tleds.1, &mut tleds.2];
[INFO] [stdout]    |                      ^^^ help: use `dyn`: `dyn Led`
[INFO] [stdout] 
[INFO] [stdout] 
[INFO] [stdout] error: language item required, but not found: `eh_personality`
[INFO] [stdout] 
[INFO] [stdout] 
[INFO] [stdout] error: aborting due to previous error; 2 warnings emitted
[INFO] [stdout] 
[INFO] [stdout] 
[INFO] [stdout] error[E0277]: the trait bound `Pin2<Output<Regular<NoInvert>>>: hifive1::e310x_hal::prelude::_embedded_hal_digital_OutputPin` is not satisfied
[INFO] [stdout]   --> src/main.rs:52:41
[INFO] [stdout]    |
[INFO] [stdout] 52 |     let mut mfrc522 = Mfrc522::new(spi, cs).unwrap();
[INFO] [stdout]    |                                         ^^ the trait `hifive1::e310x_hal::prelude::_embedded_hal_digital_OutputPin` is not implemented for `Pin2<Output<Regular<NoInvert>>>`
[INFO] [stdout]    |
[INFO] [stdout]    = note: required by `Mfrc522::<SPI, NSS>::new`
[INFO] [stdout] 
[INFO] [stdout] 
[INFO] [stdout] error: aborting due to previous error
[INFO] [stdout] 
[INFO] [stdout] 
[INFO] [stdout] error[E0599]: no method named `version` found for struct `Mfrc522<hifive1::e310x_hal::spi::Spi<hifive1::e310x_hal::e310x::QSPI1, (Pin3<hifive1::e310x_hal::gpio::IOF0<NoInvert>>, Pin4<hifive1::e310x_hal::gpio::IOF0<NoInvert>>, Pin5<hifive1::e310x_hal::gpio::IOF0<NoInvert>>)>, Pin2<Output<Regular<NoInvert>>>>` in the current scope
[INFO] [stdout]    --> src/main.rs:56:24
[INFO] [stdout]     |
[INFO] [stdout] 56  |       let vers = mfrc522.version().unwrap();
[INFO] [stdout]     |                          ^^^^^^^ method not found in `Mfrc522<hifive1::e310x_hal::spi::Spi<hifive1::e310x_hal::e310x::QSPI1, (Pin3<hifive1::e310x_hal::gpio::IOF0<NoInvert>>, Pin4<hifive1::e310x_hal::gpio::IOF0<NoInvert>>, Pin5<hifive1::e310x_hal::gpio::IOF0<NoInvert>>)>, Pin2<Output<Regular<NoInvert>>>>`
[INFO] [stdout]     | 
[INFO] [stdout]    ::: /opt/rustwide/cargo-home/registry/src/github.com-1ecc6299db9ec823/e310x-hal-0.6.1/src/gpio.rs:334:1
[INFO] [stdout]     |
[INFO] [stdout] 334 | / gpio!(GPIO0, gpio0, [
[INFO] [stdout] 335 | |     Pin0: (pin0, 0, Unknown),
[INFO] [stdout] 336 | |     Pin1: (pin1, 1, Unknown),
[INFO] [stdout] 337 | |     Pin2: (pin2, 2, Unknown),
[INFO] [stdout] ...   |
[INFO] [stdout] 366 | |     Pin31: (pin31, 31, Unknown),
[INFO] [stdout] 367 | | ]);
[INFO] [stdout]     | |___- doesn't satisfy `_: hifive1::e310x_hal::prelude::_embedded_hal_digital_OutputPin`
[INFO] [stdout]     |
[INFO] [stdout]     = note: the method `version` exists but the following trait bounds were not satisfied:
[INFO] [stdout]             `Pin2<Output<Regular<NoInvert>>>: hifive1::e310x_hal::prelude::_embedded_hal_digital_OutputPin`
[INFO] [stdout] 
[INFO] [stdout] 
[INFO] [stdout] error[E0599]: no method named `reqa` found for struct `Mfrc522<hifive1::e310x_hal::spi::Spi<hifive1::e310x_hal::e310x::QSPI1, (Pin3<hifive1::e310x_hal::gpio::IOF0<NoInvert>>, Pin4<hifive1::e310x_hal::gpio::IOF0<NoInvert>>, Pin5<hifive1::e310x_hal::gpio::IOF0<NoInvert>>)>, Pin2<Output<Regular<NoInvert>>>>` in the current scope
[INFO] [stdout]    --> src/main.rs:66:35
[INFO] [stdout]     |
[INFO] [stdout] 66  |           if let Ok(atqa) = mfrc522.reqa() {
[INFO] [stdout]     |                                     ^^^^ method not found in `Mfrc522<hifive1::e310x_hal::spi::Spi<hifive1::e310x_hal::e310x::QSPI1, (Pin3<hifive1::e310x_hal::gpio::IOF0<NoInvert>>, Pin4<hifive1::e310x_hal::gpio::IOF0<NoInvert>>, Pin5<hifive1::e310x_hal::gpio::IOF0<NoInvert>>)>, Pin2<Output<Regular<NoInvert>>>>`
[INFO] [stdout]     | 
[INFO] [stdout]    ::: /opt/rustwide/cargo-home/registry/src/github.com-1ecc6299db9ec823/e310x-hal-0.6.1/src/gpio.rs:334:1
[INFO] [stdout]     |
[INFO] [stdout] 334 | / gpio!(GPIO0, gpio0, [
[INFO] [stdout] 335 | |     Pin0: (pin0, 0, Unknown),
[INFO] [stdout] 336 | |     Pin1: (pin1, 1, Unknown),
[INFO] [stdout] 337 | |     Pin2: (pin2, 2, Unknown),
[INFO] [stdout] ...   |
[INFO] [stdout] 366 | |     Pin31: (pin31, 31, Unknown),
[INFO] [stdout] 367 | | ]);
[INFO] [stdout]     | |___- doesn't satisfy `_: hifive1::e310x_hal::prelude::_embedded_hal_digital_OutputPin`
[INFO] [stdout]     |
[INFO] [stdout]     = note: the method `reqa` exists but the following trait bounds were not satisfied:
[INFO] [stdout]             `Pin2<Output<Regular<NoInvert>>>: hifive1::e310x_hal::prelude::_embedded_hal_digital_OutputPin`
[INFO] [stdout] 
[INFO] [stdout] 
[INFO] [stdout] error[E0599]: no method named `select` found for struct `Mfrc522<hifive1::e310x_hal::spi::Spi<hifive1::e310x_hal::e310x::QSPI1, (Pin3<hifive1::e310x_hal::gpio::IOF0<NoInvert>>, Pin4<hifive1::e310x_hal::gpio::IOF0<NoInvert>>, Pin5<hifive1::e310x_hal::gpio::IOF0<NoInvert>>)>, Pin2<Output<Regular<NoInvert>>>>` in the current scope
[INFO] [stdout]    --> src/main.rs:67:38
[INFO] [stdout]     |
[INFO] [stdout] 67  |               if let Ok(uid) = mfrc522.select(&atqa) {
[INFO] [stdout]     |                                        ^^^^^^ method not found in `Mfrc522<hifive1::e310x_hal::spi::Spi<hifive1::e310x_hal::e310x::QSPI1, (Pin3<hifive1::e310x_hal::gpio::IOF0<NoInvert>>, Pin4<hifive1::e310x_hal::gpio::IOF0<NoInvert>>, Pin5<hifive1::e310x_hal::gpio::IOF0<NoInvert>>)>, Pin2<Output<Regular<NoInvert>>>>`
[INFO] [stdout]     | 
[INFO] [stdout]    ::: /opt/rustwide/cargo-home/registry/src/github.com-1ecc6299db9ec823/e310x-hal-0.6.1/src/gpio.rs:334:1
[INFO] [stdout]     |
[INFO] [stdout] 334 | / gpio!(GPIO0, gpio0, [
[INFO] [stdout] 335 | |     Pin0: (pin0, 0, Unknown),
[INFO] [stdout] 336 | |     Pin1: (pin1, 1, Unknown),
[INFO] [stdout] 337 | |     Pin2: (pin2, 2, Unknown),
[INFO] [stdout] ...   |
[INFO] [stdout] 366 | |     Pin31: (pin31, 31, Unknown),
[INFO] [stdout] 367 | | ]);
[INFO] [stdout]     | |___- doesn't satisfy `_: hifive1::e310x_hal::prelude::_embedded_hal_digital_OutputPin`
[INFO] [stdout]     |
[INFO] [stdout]     = note: the method `select` exists but the following trait bounds were not satisfied:
[INFO] [stdout]             `Pin2<Output<Regular<NoInvert>>>: hifive1::e310x_hal::prelude::_embedded_hal_digital_OutputPin`
[INFO] [stdout] 
[INFO] [stdout] 
[INFO] [stdout] error: aborting due to 5 previous errors
[INFO] [stdout] 
[INFO] [stdout] 
[INFO] [stdout] Some errors have detailed explanations: E0277, E0599.
[INFO] [stdout] 
[INFO] [stdout] For more information about an error, try `rustc --explain E0277`.
[INFO] [stdout] 
[INFO] [stdout] error[E0277]: the trait bound `Pin2<Output<Regular<NoInvert>>>: hifive1::e310x_hal::prelude::_embedded_hal_digital_OutputPin` is not satisfied
[INFO] [stdout]   --> src/main.rs:52:41
[INFO] [stdout]    |
[INFO] [stdout] 52 |     let mut mfrc522 = Mfrc522::new(spi, cs).unwrap();
[INFO] [stdout]    |                                         ^^ the trait `hifive1::e310x_hal::prelude::_embedded_hal_digital_OutputPin` is not implemented for `Pin2<Output<Regular<NoInvert>>>`
[INFO] [stdout]    |
[INFO] [stdout]    = note: required by `Mfrc522::<SPI, NSS>::new`
[INFO] [stdout] 
[INFO] [stdout] 
[INFO] [stdout] error[E0599]: no method named `version` found for struct `Mfrc522<hifive1::e310x_hal::spi::Spi<hifive1::e310x_hal::e310x::QSPI1, (Pin3<hifive1::e310x_hal::gpio::IOF0<NoInvert>>, Pin4<hifive1::e310x_hal::gpio::IOF0<NoInvert>>, Pin5<hifive1::e310x_hal::gpio::IOF0<NoInvert>>)>, Pin2<Output<Regular<NoInvert>>>>` in the current scope
[INFO] [stdout]    --> src/main.rs:56:24
[INFO] [stdout]     |
[INFO] [stdout] 56  |       let vers = mfrc522.version().unwrap();
[INFO] [stdout]     |                          ^^^^^^^ method not found in `Mfrc522<hifive1::e310x_hal::spi::Spi<hifive1::e310x_hal::e310x::QSPI1, (Pin3<hifive1::e310x_hal::gpio::IOF0<NoInvert>>, Pin4<hifive1::e310x_hal::gpio::IOF0<NoInvert>>, Pin5<hifive1::e310x_hal::gpio::IOF0<NoInvert>>)>, Pin2<Output<Regular<NoInvert>>>>`
[INFO] [stdout]     | 
[INFO] [stdout]    ::: /opt/rustwide/cargo-home/registry/src/github.com-1ecc6299db9ec823/e310x-hal-0.6.1/src/gpio.rs:334:1
[INFO] [stdout]     |
[INFO] [stdout] 334 | / gpio!(GPIO0, gpio0, [
[INFO] [stdout] 335 | |     Pin0: (pin0, 0, Unknown),
[INFO] [stdout] 336 | |     Pin1: (pin1, 1, Unknown),
[INFO] [stdout] 337 | |     Pin2: (pin2, 2, Unknown),
[INFO] [stdout] ...   |
[INFO] [stdout] 366 | |     Pin31: (pin31, 31, Unknown),
[INFO] [stdout] 367 | | ]);
[INFO] [stdout]     | |___- doesn't satisfy `_: hifive1::e310x_hal::prelude::_embedded_hal_digital_OutputPin`
[INFO] [stdout]     |
[INFO] [stdout]     = note: the method `version` exists but the following trait bounds were not satisfied:
[INFO] [stdout]             `Pin2<Output<Regular<NoInvert>>>: hifive1::e310x_hal::prelude::_embedded_hal_digital_OutputPin`
[INFO] [stdout] 
[INFO] [stdout] 
[INFO] [stdout] error[E0599]: no method named `reqa` found for struct `Mfrc522<hifive1::e310x_hal::spi::Spi<hifive1::e310x_hal::e310x::QSPI1, (Pin3<hifive1::e310x_hal::gpio::IOF0<NoInvert>>, Pin4<hifive1::e310x_hal::gpio::IOF0<NoInvert>>, Pin5<hifive1::e310x_hal::gpio::IOF0<NoInvert>>)>, Pin2<Output<Regular<NoInvert>>>>` in the current scope
[INFO] [stdout]    --> src/main.rs:66:35
[INFO] [stdout]     |
[INFO] [stdout] 66  |           if let Ok(atqa) = mfrc522.reqa() {
[INFO] [stdout]     |                                     ^^^^ method not found in `Mfrc522<hifive1::e310x_hal::spi::Spi<hifive1::e310x_hal::e310x::QSPI1, (Pin3<hifive1::e310x_hal::gpio::IOF0<NoInvert>>, Pin4<hifive1::e310x_hal::gpio::IOF0<NoInvert>>, Pin5<hifive1::e310x_hal::gpio::IOF0<NoInvert>>)>, Pin2<Output<Regular<NoInvert>>>>`
[INFO] [stdout]     | 
[INFO] [stdout]    ::: /opt/rustwide/cargo-home/registry/src/github.com-1ecc6299db9ec823/e310x-hal-0.6.1/src/gpio.rs:334:1
[INFO] [stdout]     |
[INFO] [stdout] 334 | / gpio!(GPIO0, gpio0, [
[INFO] [stdout] 335 | |     Pin0: (pin0, 0, Unknown),
[INFO] [stdout] 336 | |     Pin1: (pin1, 1, Unknown),
[INFO] [stdout] 337 | |     Pin2: (pin2, 2, Unknown),
[INFO] [stdout] ...   |
[INFO] [stdout] 366 | |     Pin31: (pin31, 31, Unknown),
[INFO] [stdout] 367 | | ]);
[INFO] [stdout]     | |___- doesn't satisfy `_: hifive1::e310x_hal::prelude::_embedded_hal_digital_OutputPin`
[INFO] [stdout]     |
[INFO] [stdout]     = note: the method `reqa` exists but the following trait bounds were not satisfied:
[INFO] [stdout]             `Pin2<Output<Regular<NoInvert>>>: hifive1::e310x_hal::prelude::_embedded_hal_digital_OutputPin`
[INFO] [stdout] 
[INFO] [stdout] 
[INFO] [stdout] error[E0599]: no method named `select` found for struct `Mfrc522<hifive1::e310x_hal::spi::Spi<hifive1::e310x_hal::e310x::QSPI1, (Pin3<hifive1::e310x_hal::gpio::IOF0<NoInvert>>, Pin4<hifive1::e310x_hal::gpio::IOF0<NoInvert>>, Pin5<hifive1::e310x_hal::gpio::IOF0<NoInvert>>)>, Pin2<Output<Regular<NoInvert>>>>` in the current scope
[INFO] [stdout]    --> src/main.rs:67:38
[INFO] [stdout]     |
[INFO] [stdout] 67  |               if let Ok(uid) = mfrc522.select(&atqa) {
[INFO] [stdout]     |                                        ^^^^^^ method not found in `Mfrc522<hifive1::e310x_hal::spi::Spi<hifive1::e310x_hal::e310x::QSPI1, (Pin3<hifive1::e310x_hal::gpio::IOF0<NoInvert>>, Pin4<hifive1::e310x_hal::gpio::IOF0<NoInvert>>, Pin5<hifive1::e310x_hal::gpio::IOF0<NoInvert>>)>, Pin2<Output<Regular<NoInvert>>>>`
[INFO] [stdout]     | 
[INFO] [stdout]    ::: /opt/rustwide/cargo-home/registry/src/github.com-1ecc6299db9ec823/e310x-hal-0.6.1/src/gpio.rs:334:1
[INFO] [stdout]     |
[INFO] [stdout] 334 | / gpio!(GPIO0, gpio0, [
[INFO] [stdout] 335 | |     Pin0: (pin0, 0, Unknown),
[INFO] [stdout] 336 | |     Pin1: (pin1, 1, Unknown),
[INFO] [stdout] 337 | |     Pin2: (pin2, 2, Unknown),
[INFO] [stdout] ...   |
[INFO] [stdout] 366 | |     Pin31: (pin31, 31, Unknown),
[INFO] [stdout] 367 | | ]);
[INFO] [stdout]     | |___- doesn't satisfy `_: hifive1::e310x_hal::prelude::_embedded_hal_digital_OutputPin`
[INFO] [stdout]     |
[INFO] [stdout]     = note: the method `select` exists but the following trait bounds were not satisfied:
[INFO] [stdout]             `Pin2<Output<Regular<NoInvert>>>: hifive1::e310x_hal::prelude::_embedded_hal_digital_OutputPin`
[INFO] [stdout] 
[INFO] [stdout] 
[INFO] [stdout] error: aborting due to 5 previous errors
[INFO] [stdout] 
[INFO] [stdout] 
[INFO] [stdout] Some errors have detailed explanations: E0277, E0599.
[INFO] [stdout] 
[INFO] [stdout] For more information about an error, try `rustc --explain E0277`.
[INFO] [stdout] 
[INFO] [stderr] error: build failed
[INFO] running `Command { std: "docker" "inspect" "680a9cc6dd5700bc192cfb5ac49f2a0d21e87206d9641bdce9a018eeb790f12a", kill_on_drop: false }`
[INFO] running `Command { std: "docker" "rm" "-f" "680a9cc6dd5700bc192cfb5ac49f2a0d21e87206d9641bdce9a018eeb790f12a", kill_on_drop: false }`
[INFO] [stdout] 680a9cc6dd5700bc192cfb5ac49f2a0d21e87206d9641bdce9a018eeb790f12a
